{"id":3072,"date":"2026-02-23T23:17:47","date_gmt":"2026-02-23T23:17:47","guid":{"rendered":"https:\/\/gemaargentina.com\/tienda\/?page_id=3072"},"modified":"2026-02-26T20:15:35","modified_gmt":"2026-02-26T20:15:35","slug":"terminos-y-condiciones-generales","status":"publish","type":"page","link":"https:\/\/gemamaquinarias.com\/tienda\/terminos-y-condiciones-generales\/","title":{"rendered":"T\u00e9rminos y condiciones generales"},"content":{"rendered":"\t\t<div data-elementor-type=\"wp-page\" data-elementor-id=\"3072\" class=\"elementor elementor-3072\" wpc-filter-elementor-widget=\"1\" data-elementor-post-type=\"page\">\n\t\t\t\t<div class=\"elementor-element elementor-element-1440df2c e-flex e-con-boxed e-con e-parent\" data-id=\"1440df2c\" data-element_type=\"container\" data-e-type=\"container\">\n\t\t\t\t\t<div class=\"e-con-inner\">\n\t\t\t\t<div class=\"elementor-element elementor-element-600c7cc3 elementor-widget elementor-widget-text-editor\" data-id=\"600c7cc3\" data-element_type=\"widget\" data-e-type=\"widget\" data-widget_type=\"text-editor.default\">\n\t\t\t\t\t\t\t\t\t\n<p><strong>TERMINOS Y CONDICIONES GENERALES DE LA PLATAFORMA ECOMMERCE<\/strong><\/p>\n<ol>\n<li>Los presentes T\u00e9rminos y Condiciones Generales son aplicables al uso de la plataforma virtual de GEMA Maquinarias (en adelante, la \u201cPlataforma Ecommerce\u201d), cuyo dominio web resulta www.gemamaquinarias.com\/tienda la cual es puesta a disposici\u00f3n de los Usuarios por ROGAS SAS. (en adelante, \u201cROGAS\u201d), domiciliada en Pol\u00edgono Comercial Punto Norte, Nave 5 Colectora Sur de, Av. Circunvalaci\u00f3n Norte E 702, 5155 C\u00f3rdoba, Rep\u00fablica Argentina. Los presente T\u00e9rminos y Condiciones Generales podr\u00e1n ser modificados a trav\u00e9s de T\u00e9rminos y Condiciones Particulares, solo en aquello que expresamente indiquen, y que resultar\u00e1n de aplicaci\u00f3n a una acci\u00f3n u operaci\u00f3n espec\u00edfica. Tales T\u00e9rminos y Condiciones Particulares ser\u00e1n publicados en la presente secci\u00f3n, seguidamente de los T\u00e9rminos y Condiciones Generales.<\/li>\n<\/ol>\n<ol>\n<li>DEFINICIONES<\/li>\n<\/ol>\n<ol>\n<li>1.1 En adelante se entender\u00e1 por el t\u00e9rmino \u201cUsuario\u201d a toda persona humana, mayor de edad, capaz, y domiciliada en la Rep\u00fablica Argentina, y\/o toda persona jur\u00eddica inscripta bajo la normativa legal vigente ante el Registro P\u00fablico de Comercio correspondiente con domicilio en la Rep\u00fablica Argentina que por cualquier raz\u00f3n acceda a la Plataforma Ecommerce, bien sea para navegar y\/o para efectuar una compra.<\/li>\n<\/ol>\n<ol start=\"2\">\n<li>PROCEDIMENTO DE COMPRA<\/li>\n<li>1 A trav\u00e9s de la Plataforma Ecommerce el Usuario podr\u00e1 realizar la compra de accesorios, repuestos y merchandising en la Rep\u00fablica Argentina. A tal efecto, el Usuario deber\u00e1, en primer t\u00e9rmino, iniciar sesi\u00f3n dentro de la Plataforma Ecommerce colocando sus credenciales v\u00e1lidas (usuario y contrase\u00f1a). En el caso que el Usuario a\u00fan no resultase ser portador de \u00e9stas, deber\u00e1 obtenerlas creando un nuevo perfil, para lo cual deber\u00e1 seguir las instrucciones brindadas por la Plataforma Ecommerce.<\/li>\n<li>2 Una vez que el Usuario haya creado su perfil e iniciado sesi\u00f3n dentro de la Plataforma Ecommerce, deber\u00e1 escoger el \u00f3 los productos a adquirir.<\/li>\n<li>4: PAGO<\/li>\n<li>4.1 Seguidamente de la confirmaci\u00f3n de la elecci\u00f3n del producto, la Plataforma Ecommerce generar\u00e1 un link de pago al Usuario para que este proceda a abonar, la cual deber\u00e1 ser abonada por el Usuario en ese mismo acto.<\/li>\n<li>4.2 A efectos de pagar el saldo de precio, el Usuario podr\u00e1 optar por realizar pago con tarjetas de d\u00e9bito o cr\u00e9dito a trav\u00e9s de la plataforma de Mercado Pago.<\/li>\n<li>4.3 El saldo de precio abonado por el Usuario no incluir\u00e1 el costo de Flete, salvo excepciones que as\u00ed lo indiquen, dicho valor ser\u00e1 notificado v\u00eda mail.<\/li>\n<li>REVOCACI\u00d3N DE LA ACEPTACI\u00d3N<\/li>\n<\/ol>\n<ol>\n<li>3.1 El Usuario tendr\u00e1 un plazo de diez (10) d\u00edas corridos desde efectuado el pago de la para notificar fehacientemente a ROGAS la revocaci\u00f3n de su compra. A tal efecto, ROGAS pondr\u00e1 a disposici\u00f3n del Usuario un canal directo en su p\u00e1gina web.<\/li>\n<li>3.2 En caso que el Usuario haya abonado el total del precio dentro del plazo indicado para ejercer la revocaci\u00f3n de la compra, ROGAS proceder\u00e1 a reintegrar al Usuario el valor abonado, sin actualizaci\u00f3n, intereses ni compensaci\u00f3n de ning\u00fan tipo, mediante transferencia bancaria a una cuenta de titularidad del Usuario, que \u00e9ste expresa y fehacientemente informe a ROGAS.<\/li>\n<\/ol>\n<ol start=\"4\">\n<li>ADMINISTRACI\u00d3N DE LA PLATAFORMA ECOMMERCE<\/li>\n<\/ol>\n<ol>\n<li>4.1 ROGAS se reserva el derecho de realizar modificaciones sobre el aspecto visual, los contenidos de la Plataforma Ecommerce y los presentes t\u00e9rminos y condiciones, en el momento y oportunidad que lo considere conveniente, sin necesidad de realizar notificaciones a los Usuarios, quienes, cada vez que pretendan realizar una compra, deber\u00e1n confirmar expresamente su aceptaci\u00f3n.<\/li>\n<li>4.2 Asimismo, ROGAS podr\u00e1 cancelar, suspender o discontinuar la Plataforma Ecommerce, tanto definitiva como temporalmente, en el momento que libremente determine y as\u00ed lo crea oportuno, sin que por ello se genere una obligaci\u00f3n de indemnizaci\u00f3n o compensaci\u00f3n en favor de los Usuarios.<\/li>\n<li>4.3 Si los Usuarios no est\u00e1n de acuerdo con los presentes t\u00e9rminos y condiciones, deber\u00e1n abstenerse de hacer uso de la Plataforma Ecommerce, ya que estas disposiciones tienen car\u00e1cter de vinculantes y obligatorias.<\/li>\n<li>4.4 Los Usuarios no deben realizar ning\u00fan tipo de pago para acceder y\/o navegar en la Plataforma Ecommerce. Los \u00fanicos pagos que se solicitar\u00e1n al Usuario ser\u00e1n los indicados en estos t\u00e9rminos y condiciones.<\/li>\n<\/ol>\n<ol start=\"5\">\n<li>PRECIOS<\/li>\n<\/ol>\n<ol>\n<li>5.1 Todos los precios publicados en la Plataforma Ecommerce corresponden a precios de lista de los productos al p\u00fablico vigentes al momento del inicio, e incluyen IVA. No incluye el costo del env\u00edo.<\/li>\n<li>5.2 El precio final de cada producto que deber\u00e1 abonar el Usuario podr\u00e1 verse afectado por impuestos y\/o tasas y\/o gastos y\/o contribuciones accesorias que graven la operaci\u00f3n para cada Usuario en concreto y\/o por cualquier actualizaci\u00f3n y\/o modificaci\u00f3n del precio resuelta por ROGAS sobre su lista de precios, hasta la fecha del pago total y cancelatorio del precio del producto elegido por parte del Usuario.<\/li>\n<\/ol>\n<ol start=\"6\">\n<li>ORIGEN DE RECURSOS<\/li>\n<\/ol>\n<ol>\n<li>6.1 El Usuario declara bajo juramento que sus ingresos son fruto de actividades l\u00edcitas y que no se encuentra registrado en bases de datos relacionadas con lavado de activos y financiaci\u00f3n del terrorismo.<\/li>\n<\/ol>\n<ol start=\"7\">\n<li>PROTECCI\u00d3N DE DATOS PERSONALES<\/li>\n<\/ol>\n<ol>\n<li>7.1 El Usuario, en calidad de titular de los datos personales que ha suministrado en la Plataforma Ecommerce, garantiza y es responsable, de la veracidad, precisi\u00f3n y autenticidad de los datos personales registrados.<\/li>\n<li>7.2 Asimismo, acorde con la Ley de Protecci\u00f3n de los Datos Personales N\u00b0 25.326, manifiesta que ha conocido de manera previa la Pol\u00edtica para Tratamiento de Datos personales de ROGAS\u00a0 y que autoriza expresamente a ROGAS SAS, para recolectar, almacenar, compilar, usar, compartir, y en general, para tratar sus datos, con la finalidad de realizar segmentaciones y\/o perfiles de cliente y\/o campa\u00f1as publicitarias y\/o de marketing, todas tendientes a mantenerme actualizado sobre nuevos productos, promociones y\/o distintos servicios. As\u00ed tambi\u00e9n para que se le pueda contactar telef\u00f3nicamente, v\u00eda correo electr\u00f3nico, por correo f\u00edsico, v\u00eda mensajes de texto o aplicaciones de mensajer\u00eda instant\u00e1nea, o por cualquier otro medio, verbalmente o por escrito, para informarle sobre el estado de su operaci\u00f3n de compra u ofrecerle productos comercializados directamente por ROGAS o por medio de terceros comercializadores.<\/li>\n<li>7.3 El Usuario autoriza tambi\u00e9n a ROGAS para que ceda y\/o comparta y\/o comercialice y\/o transfiera, incluso al exterior, los datos proporcionados en la Plataforma Ecommerce con: i) Empresas que le provean cualquier tipo de servicios inform\u00e1ticos y\/o de archivo de informaci\u00f3n electr\u00f3nica y\/o f\u00edsica; y\/o ii) Empresas que operen su Centro de Atenci\u00f3n al Cliente.<\/li>\n<li>7.4 Todos los datos personales entregados est\u00e1n sometidos a medidas de confidencialidad y de seguridad apropiados para evitar su adulteraci\u00f3n, modificaci\u00f3n, supresi\u00f3n, o acceso no autorizados.<\/li>\n<li>7.5 El Usuario podr\u00e1 acceder a la informaci\u00f3n vinculada con sus Datos Personales, solicitar se los actualice y\/o modifique y\/o suprima comunic\u00e1ndose con Servicios de Atenci\u00f3n al cliente a la casilla atencionalcliente@gemaargentina.com o de cualquier otra forma que permita una notificaci\u00f3n expresa y que deje mi constancia en tal sentido. En igual sentido, tengo la facultad de ejercer el derecho de acceso a mis Datos e informaci\u00f3n en forma gratuita en intervalos no inferiores a seis meses, salvo que se acredite un inter\u00e9s leg\u00edtimo al efecto conforme lo establecido en el art\u00edculo 14, inciso 3 de la Ley N\u00ba 25.326. En este acto soy informado que la Direcci\u00f3n Nacional de Datos Personales, es el \u00f3rgano de control de las normas sobre protecci\u00f3n de datos personales y tiene la atribuci\u00f3n de atender las denuncias y reclamos que se interpongan con relaci\u00f3n el incumplimiento de tales normas.<\/li>\n<\/ol>\n<ol start=\"8\">\n<li>PROPIEDAD INTELECTUAL E INDUSTRIAL<\/li>\n<\/ol>\n<ol>\n<li>8.1 Los contenidos dispuestos en la Plataforma Ecommerce, resultan de propiedad de ROGAS. Mediante el uso del sitio web no se concede ning\u00fan permiso de uso ni licencia de ninguna clase sobre dichos contenidos, los cuales no podr\u00e1n ser reproducidos, copiados ni empleados con finalidad alguna sin autorizaci\u00f3n de ROGAS.<\/li>\n<\/ol>\n<ol start=\"9\">\n<li>USO Y DISPONIBILIDAD DE LA PLATAFORMA ECOMMERCE<\/li>\n<\/ol>\n<ol>\n<li>9.1 Ser\u00e1 requisito esencial para el uso de la Plataforma Ecommerce y la aceptaci\u00f3n de los presentes t\u00e9rminos y condiciones que los Usuarios resulten personas humanas mayores de 18 a\u00f1os con la capacidad de hecho y derecho para llevar adelante una operaci\u00f3n de Compra o personas jur\u00eddicas inscriptas bajo la normativa legal vigente ante el Registro P\u00fablico de Comercio correspondiente con domicilio en la Rep\u00fablica Argentina. Es por ello que ROGAS no consentir\u00e1 ni atender\u00e1 ning\u00fan reclamo vinculado a cualquier aspecto que se encuentre previamente contemplado en los presentes t\u00e9rminos y condiciones, y que derive de un incumplimiento de los Usuarios a \u00e9stos.<\/li>\n<li>9.2 ROGAS no se responsabiliza por ning\u00fan da\u00f1o, expectativa, perjuicio o p\u00e9rdida sufridos por el Usuario, causados por fallas en el sistema, en el servidor o en Internet, que no le sean atribuibles de forma directa a ROGAS. Tampoco ser\u00e1 responsable por ning\u00fan virus inform\u00e1tico, malware, etc., que pudiera infectar el equipo del Usuario como consecuencia del acceso y uso de la Plataforma Ecommerce, o a ra\u00edz de cualquier transferencia de datos, archivos, im\u00e1genes, textos, o audio contenidos en el mismo. En los mismos t\u00e9rminos, tampoco ser\u00e1 responsable por cualquier acci\u00f3n de fraude de la cual pudiera el Usuario resultar v\u00edctima (ej., Phishing), en tanto no hubiese tomado las precauciones necesarias a los efectos de comprobar y corroborar la veracidad de la informaci\u00f3n recibida. A cualquier eventualidad, podr\u00e1 canalizar sus consultas mediante correo electr\u00f3nico a la casilla atencionalcliente@gemaargentina.com<\/li>\n<li>9.3 Toda notificaci\u00f3n u otra comunicaci\u00f3n por medio de correo electr\u00f3nico que ROGAS deba efectuar bajo estos t\u00e9rminos y condiciones o que derive directa o indirectamente del uso de la Plataforma Ecommerce, ser\u00e1 exclusivamente realizada a trav\u00e9s de la casilla de correo electr\u00f3nico atencionalcliente@gemaargentina.com<\/li>\n<li>9.4 La Plataforma Ecommerce puede eventualmente no estar disponible debido a dificultades t\u00e9cnicas o fallas de Internet, o por cualquier otra circunstancia, por lo que ROGAS no se responsabiliza por el funcionamiento ininterrumpido de la Plataforma Ecommerce.<\/li>\n<li>9.5 ROGAS se reserva el derecho de interrumpir, suspender o terminar la disponibilidad y el uso de la Plataforma Ecommerce, adem\u00e1s de su funcionamiento, en cualquier momento, a su arbitrio.<\/li>\n<\/ol>\n<ol start=\"10\">\n<li>ENLACES<\/li>\n<\/ol>\n<ol>\n<li>10.1 La Plataforma Ecommerce puede contener enlaces a otros sitios web que no son propiedad o administrados por ROGAS y en los cuales esta no tiene ninguna injerencia, como por ejemplo plataformas de pago de Terceros. En virtud de que ROGAS no tiene control sobre tales sitios, NO ser\u00e1 responsable por los contenidos, materiales y\/o servicios prestados por estos. Tampoco lo ser\u00e1 por da\u00f1os o p\u00e9rdidas (sean causadas directa o indirectamente) ocasionadas por la utilizaci\u00f3n de los mismos, ni por ning\u00fan concepto relacionado con estos sitios, de cualquier forma. La presencia de enlaces a otros sitios web no implica una sociedad, relaci\u00f3n, aprobaci\u00f3n o respaldo de ROGAS a dichos sitios y sus contenidos. En atenci\u00f3n a lo anterior, la utilizaci\u00f3n de los links para navegar hacia cualquier otra p\u00e1gina queda al exclusivo criterio y riesgo de los Usuarios.<\/li>\n<\/ol>\n<ol start=\"11\">\n<li>SUSPENCI\u00d3N E INHABILIDAD<\/li>\n<\/ol>\n<ol>\n<li>11.1 ROGAS podr\u00e1 advertir y\/o suspender temporal o inhabilitar definitivamente a un Usuario en alguno de los siguientes casos, a simple y libre albedr\u00edo de ROGAS: (a) si tuviera conocimiento que \u00e9ste quebranta alguna disposici\u00f3n del ordenamiento jur\u00eddico de la Rep\u00fablica Argentina, o cualquiera de las estipulaciones de los presentes t\u00e9rminos y condiciones y dem\u00e1s pol\u00edticas de la Plataforma Ecommerce; (b) incumpliera sus compromisos como Usuario; (c) incurriera en conductas o actos dolosos o fraudulentos, haciendo ROGAS formal reserva de accionar judicialmente, ya sea en materia civil y\/o penal, contra el infractor cuando las circunstancias a su criterio as\u00ed lo ameriten; (d) se identifique cualquier informaci\u00f3n proporcionada por el mismo que fuere err\u00f3nea; (e) se comprobase la inclusi\u00f3n del Usuario en listas de reporte negativas de lavado de activos o financiaci\u00f3n del terrorismo; (f) se sospechase que el Usuario est\u00e1 utilizando la Plataforma Ecommerce para el ocultamiento, manejo, inversi\u00f3n o aprovechamiento en cualquier forma de dinero u otros bienes provenientes de actividades delictivas, o para dar apariencia de legalidad a estas actividades, haciendo ROGAS formal reserva de accionar judicialmente, ya sea en materia civil y\/o penal, contra el infractor cuando las circunstancias a su criterio as\u00ed lo ameriten.<\/li>\n<li>11.2 En el caso de la suspensi\u00f3n o inhabilitaci\u00f3n de un Usuario, todas las operaciones que mantenga activas se cancelar\u00e1n.<\/li>\n<\/ol>\n<ol start=\"12\">\n<li>LEGISLACION Y JURISDICCION APLICABLE<\/li>\n<\/ol>\n<ol>\n<li>12.1 Estos t\u00e9rminos y condiciones se interpretar\u00e1n de conformidad con las leyes de la Rep\u00fablica Argentina. Cualquier conflicto que se presentase entre los Usuarios y ROGAS que no puedan ser resueltos de com\u00fan acuerdo y sin necesidad de recurrir a instancia judicial, ser\u00e1n sometidas exclusivamente a la Justicia Nacional en lo Comercial con asiento en la Ciudad de C\u00f3rdoba, con expresa renuncia de pr\u00f3rroga de jurisdicci\u00f3n.<\/li>\n<\/ol>\n\t\t\t\t\t\t\t\t<\/div>\n\t\t\t\t\t<\/div>\n\t\t\t\t<\/div>\n\t\t\t\t<\/div>\n\t\t","protected":false},"excerpt":{"rendered":"<p>TERMINOS Y CONDICIONES GENERALES DE LA PLATAFORMA ECOMMERCE Los presentes T\u00e9rminos y Condiciones Generales son&hellip;<\/p>\n","protected":false},"author":3,"featured_media":0,"parent":0,"menu_order":0,"comment_status":"closed","ping_status":"closed","template":"","meta":{"_acf_changed":false,"footnotes":""},"class_list":["post-3072","page","type-page","status-publish","hentry"],"acf":[],"_links":{"self":[{"href":"https:\/\/gemamaquinarias.com\/tienda\/wp-json\/wp\/v2\/pages\/3072","targetHints":{"allow":["GET"]}}],"collection":[{"href":"https:\/\/gemamaquinarias.com\/tienda\/wp-json\/wp\/v2\/pages"}],"about":[{"href":"https:\/\/gemamaquinarias.com\/tienda\/wp-json\/wp\/v2\/types\/page"}],"author":[{"embeddable":true,"href":"https:\/\/gemamaquinarias.com\/tienda\/wp-json\/wp\/v2\/users\/3"}],"replies":[{"embeddable":true,"href":"https:\/\/gemamaquinarias.com\/tienda\/wp-json\/wp\/v2\/comments?post=3072"}],"version-history":[{"count":4,"href":"https:\/\/gemamaquinarias.com\/tienda\/wp-json\/wp\/v2\/pages\/3072\/revisions"}],"predecessor-version":[{"id":3262,"href":"https:\/\/gemamaquinarias.com\/tienda\/wp-json\/wp\/v2\/pages\/3072\/revisions\/3262"}],"wp:attachment":[{"href":"https:\/\/gemamaquinarias.com\/tienda\/wp-json\/wp\/v2\/media?parent=3072"}],"curies":[{"name":"wp","href":"https:\/\/api.w.org\/{rel}","templated":true}]}}